{"id":44,"date":"2024-03-20T15:33:27","date_gmt":"2024-03-20T15:33:27","guid":{"rendered":"https:\/\/jalogmenn.is\/?page_id=44"},"modified":"2024-04-21T22:08:55","modified_gmt":"2024-04-21T21:08:55","slug":"starfssvid","status":"publish","type":"page","link":"https:\/\/jalogmenn.is\/index.php\/home\/starfssvid\/","title":{"rendered":"Starfssvi\u00f0"},"content":{"rendered":"\t\t<div data-elementor-type=\"wp-page\" data-elementor-id=\"44\" class=\"elementor elementor-44\">\n\t\t\t\t<div class=\"elementor-element elementor-element-fcd09a0 e-con-full e-flex e-con e-parent\" data-id=\"fcd09a0\" data-element_type=\"container\" data-settings=\"{&quot;background_background&quot;:&quot;classic&quot;,&quot;_ha_eqh_enable&quot;:false}\">\n\t\t\t\t<div class=\"elementor-element elementor-element-bcacee0 elementor-widget elementor-widget-spacer\" data-id=\"bcacee0\" data-element_type=\"widget\" data-widget_type=\"spacer.default\">\n\t\t\t\t<div class=\"elementor-widget-container\">\n\t\t\t<style>\/*! elementor - v3.21.0 - 26-05-2024 *\/\n.elementor-column .elementor-spacer-inner{height:var(--spacer-size)}.e-con{--container-widget-width:100%}.e-con-inner>.elementor-widget-spacer,.e-con>.elementor-widget-spacer{width:var(--container-widget-width,var(--spacer-size));--align-self:var(--container-widget-align-self,initial);--flex-shrink:0}.e-con-inner>.elementor-widget-spacer>.elementor-widget-container,.e-con>.elementor-widget-spacer>.elementor-widget-container{height:100%;width:100%}.e-con-inner>.elementor-widget-spacer>.elementor-widget-container>.elementor-spacer,.e-con>.elementor-widget-spacer>.elementor-widget-container>.elementor-spacer{height:100%}.e-con-inner>.elementor-widget-spacer>.elementor-widget-container>.elementor-spacer>.elementor-spacer-inner,.e-con>.elementor-widget-spacer>.elementor-widget-container>.elementor-spacer>.elementor-spacer-inner{height:var(--container-widget-height,var(--spacer-size))}.e-con-inner>.elementor-widget-spacer.elementor-widget-empty,.e-con>.elementor-widget-spacer.elementor-widget-empty{position:relative;min-height:22px;min-width:22px}.e-con-inner>.elementor-widget-spacer.elementor-widget-empty .elementor-widget-empty-icon,.e-con>.elementor-widget-spacer.elementor-widget-empty .elementor-widget-empty-icon{position:absolute;top:0;bottom:0;left:0;right:0;margin:auto;padding:0;width:22px;height:22px}<\/style>\t\t<div class=\"elementor-spacer\">\n\t\t\t<div class=\"elementor-spacer-inner\"><\/div>\n\t\t<\/div>\n\t\t\t\t<\/div>\n\t\t\t\t<\/div>\n\t\t\t\t<div class=\"elementor-element elementor-element-a7c275c elementor-widget elementor-widget-heading\" data-id=\"a7c275c\" data-element_type=\"widget\" data-widget_type=\"heading.default\">\n\t\t\t\t<div class=\"elementor-widget-container\">\n\t\t\t<style>\/*! elementor - v3.21.0 - 26-05-2024 *\/\n.elementor-heading-title{padding:0;margin:0;line-height:1}.elementor-widget-heading .elementor-heading-title[class*=elementor-size-]>a{color:inherit;font-size:inherit;line-height:inherit}.elementor-widget-heading .elementor-heading-title.elementor-size-small{font-size:15px}.elementor-widget-heading .elementor-heading-title.elementor-size-medium{font-size:19px}.elementor-widget-heading .elementor-heading-title.elementor-size-large{font-size:29px}.elementor-widget-heading .elementor-heading-title.elementor-size-xl{font-size:39px}.elementor-widget-heading .elementor-heading-title.elementor-size-xxl{font-size:59px}<\/style><h2 class=\"elementor-heading-title elementor-size-default\">Starfssvi\u00f0<\/h2>\t\t<\/div>\n\t\t\t\t<\/div>\n\t\t\t\t<div class=\"elementor-element elementor-element-17dda39 elementor-widget elementor-widget-text-editor\" data-id=\"17dda39\" data-element_type=\"widget\" data-widget_type=\"text-editor.default\">\n\t\t\t\t<div class=\"elementor-widget-container\">\n\t\t\t<style>\/*! elementor - v3.21.0 - 26-05-2024 *\/\n.elementor-widget-text-editor.elementor-drop-cap-view-stacked .elementor-drop-cap{background-color:#69727d;color:#fff}.elementor-widget-text-editor.elementor-drop-cap-view-framed .elementor-drop-cap{color:#69727d;border:3px solid;background-color:transparent}.elementor-widget-text-editor:not(.elementor-drop-cap-view-default) .elementor-drop-cap{margin-top:8px}.elementor-widget-text-editor:not(.elementor-drop-cap-view-default) .elementor-drop-cap-letter{width:1em;height:1em}.elementor-widget-text-editor .elementor-drop-cap{float:left;text-align:center;line-height:1;font-size:50px}.elementor-widget-text-editor .elementor-drop-cap-letter{display:inline-block}<\/style>\t\t\t\t<p>Vi\u00f0 veitum alla almenna l\u00f6gmannsa\u00f0sto\u00f0, h\u00f6fum \u00fe\u00f3 einkum s\u00e9rfr\u00e6\u00f0ikunn\u00e1ttu \u00e1 eftirfarandi svi\u00f0um:<\/p>\t\t\t\t\t\t<\/div>\n\t\t\t\t<\/div>\n\t\t\t\t<div class=\"elementor-element elementor-element-fe9e0e0 elementor-widget-divider--view-line elementor-widget elementor-widget-divider\" data-id=\"fe9e0e0\" data-element_type=\"widget\" data-widget_type=\"divider.default\">\n\t\t\t\t<div class=\"elementor-widget-container\">\n\t\t\t<style>\/*! elementor - v3.21.0 - 26-05-2024 *\/\n.elementor-widget-divider{--divider-border-style:none;--divider-border-width:1px;--divider-color:#0c0d0e;--divider-icon-size:20px;--divider-element-spacing:10px;--divider-pattern-height:24px;--divider-pattern-size:20px;--divider-pattern-url:none;--divider-pattern-repeat:repeat-x}.elementor-widget-divider .elementor-divider{display:flex}.elementor-widget-divider .elementor-divider__text{font-size:15px;line-height:1;max-width:95%}.elementor-widget-divider .elementor-divider__element{margin:0 var(--divider-element-spacing);flex-shrink:0}.elementor-widget-divider .elementor-icon{font-size:var(--divider-icon-size)}.elementor-widget-divider .elementor-divider-separator{display:flex;margin:0;direction:ltr}.elementor-widget-divider--view-line_icon .elementor-divider-separator,.elementor-widget-divider--view-line_text .elementor-divider-separator{align-items:center}.elementor-widget-divider--view-line_icon .elementor-divider-separator:after,.elementor-widget-divider--view-line_icon .elementor-divider-separator:before,.elementor-widget-divider--view-line_text .elementor-divider-separator:after,.elementor-widget-divider--view-line_text .elementor-divider-separator:before{display:block;content:\"\";border-block-end:0;flex-grow:1;border-block-start:var(--divider-border-width) var(--divider-border-style) var(--divider-color)}.elementor-widget-divider--element-align-left .elementor-divider .elementor-divider-separator>.elementor-divider__svg:first-of-type{flex-grow:0;flex-shrink:100}.elementor-widget-divider--element-align-left .elementor-divider-separator:before{content:none}.elementor-widget-divider--element-align-left .elementor-divider__element{margin-left:0}.elementor-widget-divider--element-align-right .elementor-divider .elementor-divider-separator>.elementor-divider__svg:last-of-type{flex-grow:0;flex-shrink:100}.elementor-widget-divider--element-align-right .elementor-divider-separator:after{content:none}.elementor-widget-divider--element-align-right .elementor-divider__element{margin-right:0}.elementor-widget-divider--element-align-start .elementor-divider .elementor-divider-separator>.elementor-divider__svg:first-of-type{flex-grow:0;flex-shrink:100}.elementor-widget-divider--element-align-start .elementor-divider-separator:before{content:none}.elementor-widget-divider--element-align-start .elementor-divider__element{margin-inline-start:0}.elementor-widget-divider--element-align-end .elementor-divider .elementor-divider-separator>.elementor-divider__svg:last-of-type{flex-grow:0;flex-shrink:100}.elementor-widget-divider--element-align-end .elementor-divider-separator:after{content:none}.elementor-widget-divider--element-align-end .elementor-divider__element{margin-inline-end:0}.elementor-widget-divider:not(.elementor-widget-divider--view-line_text):not(.elementor-widget-divider--view-line_icon) .elementor-divider-separator{border-block-start:var(--divider-border-width) var(--divider-border-style) var(--divider-color)}.elementor-widget-divider--separator-type-pattern{--divider-border-style:none}.elementor-widget-divider--separator-type-pattern.elementor-widget-divider--view-line .elementor-divider-separator,.elementor-widget-divider--separator-type-pattern:not(.elementor-widget-divider--view-line) .elementor-divider-separator:after,.elementor-widget-divider--separator-type-pattern:not(.elementor-widget-divider--view-line) .elementor-divider-separator:before,.elementor-widget-divider--separator-type-pattern:not([class*=elementor-widget-divider--view]) .elementor-divider-separator{width:100%;min-height:var(--divider-pattern-height);-webkit-mask-size:var(--divider-pattern-size) 100%;mask-size:var(--divider-pattern-size) 100%;-webkit-mask-repeat:var(--divider-pattern-repeat);mask-repeat:var(--divider-pattern-repeat);background-color:var(--divider-color);-webkit-mask-image:var(--divider-pattern-url);mask-image:var(--divider-pattern-url)}.elementor-widget-divider--no-spacing{--divider-pattern-size:auto}.elementor-widget-divider--bg-round{--divider-pattern-repeat:round}.rtl .elementor-widget-divider .elementor-divider__text{direction:rtl}.e-con-inner>.elementor-widget-divider,.e-con>.elementor-widget-divider{width:var(--container-widget-width,100%);--flex-grow:var(--container-widget-flex-grow)}<\/style>\t\t<div class=\"elementor-divider\">\n\t\t\t<span class=\"elementor-divider-separator\">\n\t\t\t\t\t\t<\/span>\n\t\t<\/div>\n\t\t\t\t<\/div>\n\t\t\t\t<\/div>\n\t\t\t\t<\/div>\n\t\t<div class=\"elementor-element elementor-element-86d92b1 e-flex e-con-boxed e-con e-parent\" data-id=\"86d92b1\" data-element_type=\"container\" data-settings=\"{&quot;background_background&quot;:&quot;classic&quot;,&quot;_ha_eqh_enable&quot;:false}\">\n\t\t\t\t\t<div class=\"e-con-inner\">\n\t\t<div class=\"elementor-element elementor-element-b6aaed6 e-con-full animated-slow e-flex elementor-invisible e-con e-child\" data-id=\"b6aaed6\" data-element_type=\"container\" data-settings=\"{&quot;animation&quot;:&quot;slideInLeft&quot;,&quot;_ha_eqh_enable&quot;:false}\">\n\t\t\t\t<div class=\"elementor-element elementor-element-6509e65 elementor-widget elementor-widget-image\" data-id=\"6509e65\" data-element_type=\"widget\" data-widget_type=\"image.default\">\n\t\t\t\t<div class=\"elementor-widget-container\">\n\t\t\t<style>\/*! elementor - v3.21.0 - 26-05-2024 *\/\n.elementor-widget-image{text-align:center}.elementor-widget-image a{display:inline-block}.elementor-widget-image a img[src$=\".svg\"]{width:48px}.elementor-widget-image img{vertical-align:middle;display:inline-block}<\/style>\t\t\t\t\t\t\t\t\t\t<img decoding=\"async\" width=\"150\" height=\"150\" src=\"https:\/\/jalogmenn.is\/wp-content\/uploads\/2024\/04\/Fjolskyldurettur_gratt-1-150x150.png\" class=\"attachment-thumbnail size-thumbnail wp-image-1135\" alt=\"JA L\u00f6gmenn - L\u00f6gmannsstofa Icon fyrir fj\u00f6lskyldur\u00e9tt\" srcset=\"https:\/\/jalogmenn.is\/wp-content\/uploads\/2024\/04\/Fjolskyldurettur_gratt-1-150x150.png 150w, https:\/\/jalogmenn.is\/wp-content\/uploads\/2024\/04\/Fjolskyldurettur_gratt-1-300x300.png 300w, https:\/\/jalogmenn.is\/wp-content\/uploads\/2024\/04\/Fjolskyldurettur_gratt-1.png 512w\" sizes=\"(max-width: 150px) 100vw, 150px\" \/>\t\t\t\t\t\t\t\t\t\t\t\t\t<\/div>\n\t\t\t\t<\/div>\n\t\t\t\t<div class=\"elementor-element elementor-element-590388f elementor-widget elementor-widget-heading\" data-id=\"590388f\" data-element_type=\"widget\" data-widget_type=\"heading.default\">\n\t\t\t\t<div class=\"elementor-widget-container\">\n\t\t\t<h2 class=\"elementor-heading-title elementor-size-default\">Fj\u00f6lskyldur\u00e9ttur<\/h2>\t\t<\/div>\n\t\t\t\t<\/div>\n\t\t\t\t<div class=\"elementor-element elementor-element-f69286a elementor-widget elementor-widget-text-editor\" data-id=\"f69286a\" data-element_type=\"widget\" data-widget_type=\"text-editor.default\">\n\t\t\t\t<div class=\"elementor-widget-container\">\n\t\t\t\t\t\t\t<ul><li>Fa\u00f0ernism\u00e1l<\/li><li>Forsj\u00e1r- og umgengnism\u00e1l<\/li><li>Hj\u00faskaparslit &#8211; b\u00faskipti<\/li><li>Kaupm\u00e1lar<\/li><li>Samb\u00fa\u00f0arslit &#8211; fj\u00e1rskipti<\/li><li>D\u00e1narb\u00fasskipti<\/li><li>Erf\u00f0askr\u00e1r<\/li><li style=\"list-style-type: none;\">\u00a0<\/li><\/ul><ul><li style=\"list-style-type: none;\">\u00a0<\/li><\/ul><ul><li style=\"list-style-type: none;\">\u00a0<\/li><\/ul><ul><li style=\"list-style-type: none;\">\u00a0<\/li><\/ul><ul><li style=\"list-style-type: none;\">\u00a0<\/li><\/ul><ul><li style=\"list-style-type: none;\">\u00a0<\/li><\/ul>\t\t\t\t\t\t<\/div>\n\t\t\t\t<\/div>\n\t\t\t\t<\/div>\n\t\t<div class=\"elementor-element elementor-element-70fc148 e-con-full animated-slow e-flex elementor-invisible e-con e-child\" data-id=\"70fc148\" data-element_type=\"container\" data-settings=\"{&quot;animation&quot;:&quot;fadeIn&quot;,&quot;_ha_eqh_enable&quot;:false}\">\n\t\t\t\t<div class=\"elementor-element elementor-element-b52a75e elementor-widget elementor-widget-image\" data-id=\"b52a75e\" data-element_type=\"widget\" data-widget_type=\"image.default\">\n\t\t\t\t<div class=\"elementor-widget-container\">\n\t\t\t\t\t\t\t\t\t\t\t\t\t<img decoding=\"async\" width=\"150\" height=\"150\" src=\"https:\/\/jalogmenn.is\/wp-content\/uploads\/2024\/04\/Fyrirtaekjalogfraedi_gratt-150x150.png\" class=\"attachment-thumbnail size-thumbnail wp-image-1422\" alt=\"JA L\u00f6gmenn - L\u00f6gmannsstofa Icon fyrirt\u00e6kjar\u00e9ttur\" srcset=\"https:\/\/jalogmenn.is\/wp-content\/uploads\/2024\/04\/Fyrirtaekjalogfraedi_gratt-150x150.png 150w, https:\/\/jalogmenn.is\/wp-content\/uploads\/2024\/04\/Fyrirtaekjalogfraedi_gratt-300x300.png 300w, https:\/\/jalogmenn.is\/wp-content\/uploads\/2024\/04\/Fyrirtaekjalogfraedi_gratt.png 512w\" sizes=\"(max-width: 150px) 100vw, 150px\" \/>\t\t\t\t\t\t\t\t\t\t\t\t\t<\/div>\n\t\t\t\t<\/div>\n\t\t\t\t<div class=\"elementor-element elementor-element-db2b5cd elementor-widget elementor-widget-heading\" data-id=\"db2b5cd\" data-element_type=\"widget\" data-widget_type=\"heading.default\">\n\t\t\t\t<div class=\"elementor-widget-container\">\n\t\t\t<h2 class=\"elementor-heading-title elementor-size-default\">Fyrirt\u00e6kjal\u00f6gfr\u00e6\u00f0i<\/h2>\t\t<\/div>\n\t\t\t\t<\/div>\n\t\t\t\t<div class=\"elementor-element elementor-element-d88ad17 elementor-widget elementor-widget-text-editor\" data-id=\"d88ad17\" data-element_type=\"widget\" data-widget_type=\"text-editor.default\">\n\t\t\t\t<div class=\"elementor-widget-container\">\n\t\t\t\t\t\t\t<ul><li>Stofnun og skr\u00e1ning f\u00e9laga<\/li><li>Ger\u00f0 sam\u00feykkta<\/li><li>H\u00e6kkun og l\u00e6kkun hlutafj\u00e1r<\/li><li>Skattar\u00e9ttur<\/li><li>Hagsmunag\u00e6sla fyrir d\u00f3mst\u00f3lum og gagnvart stj\u00f3rnv\u00f6ldum<\/li><li>Samningsger\u00f0<\/li><li>\u00c1litsger\u00f0ir<\/li><li style=\"list-style-type: none;\">\u00a0<\/li><\/ul><ul><li style=\"list-style-type: none;\">\u00a0<\/li><\/ul><ul><li style=\"list-style-type: none;\">\u00a0<\/li><\/ul><ul><li style=\"list-style-type: none;\">\u00a0<\/li><\/ul><ul><li style=\"list-style-type: none;\">\u00a0<\/li><\/ul><ul><li style=\"list-style-type: none;\">\u00a0<\/li><\/ul>\t\t\t\t\t\t<\/div>\n\t\t\t\t<\/div>\n\t\t\t\t<\/div>\n\t\t<div class=\"elementor-element elementor-element-29c9b9d e-con-full animated-slow e-flex elementor-invisible e-con e-child\" data-id=\"29c9b9d\" data-element_type=\"container\" data-settings=\"{&quot;animation&quot;:&quot;slideInRight&quot;,&quot;_ha_eqh_enable&quot;:false}\">\n\t\t\t\t<div class=\"elementor-element elementor-element-fcd7a8c elementor-widget elementor-widget-image\" data-id=\"fcd7a8c\" data-element_type=\"widget\" data-widget_type=\"image.default\">\n\t\t\t\t<div class=\"elementor-widget-container\">\n\t\t\t\t\t\t\t\t\t\t\t\t\t<img decoding=\"async\" width=\"150\" height=\"150\" src=\"https:\/\/jalogmenn.is\/wp-content\/uploads\/2024\/04\/Fasteignarettur_gratt-1-150x150.png\" class=\"attachment-thumbnail size-thumbnail wp-image-1424\" alt=\"\" srcset=\"https:\/\/jalogmenn.is\/wp-content\/uploads\/2024\/04\/Fasteignarettur_gratt-1-150x150.png 150w, https:\/\/jalogmenn.is\/wp-content\/uploads\/2024\/04\/Fasteignarettur_gratt-1-300x300.png 300w, https:\/\/jalogmenn.is\/wp-content\/uploads\/2024\/04\/Fasteignarettur_gratt-1.png 512w\" sizes=\"(max-width: 150px) 100vw, 150px\" \/>\t\t\t\t\t\t\t\t\t\t\t\t\t<\/div>\n\t\t\t\t<\/div>\n\t\t\t\t<div class=\"elementor-element elementor-element-b8bf656 elementor-widget elementor-widget-heading\" data-id=\"b8bf656\" data-element_type=\"widget\" data-widget_type=\"heading.default\">\n\t\t\t\t<div class=\"elementor-widget-container\">\n\t\t\t<h2 class=\"elementor-heading-title elementor-size-default\">Fasteignar\u00e9ttur<\/h2>\t\t<\/div>\n\t\t\t\t<\/div>\n\t\t\t\t<div class=\"elementor-element elementor-element-c6c96f3 elementor-widget elementor-widget-text-editor\" data-id=\"c6c96f3\" data-element_type=\"widget\" data-widget_type=\"text-editor.default\">\n\t\t\t\t<div class=\"elementor-widget-container\">\n\t\t\t\t\t\t\t<ul><li>Fasteignakaupar\u00e9ttur<\/li><li>Gallam\u00e1l<\/li><li>Leigur\u00e9ttur<\/li><li>Fj\u00f6leignarh\u00fasam\u00e1l<\/li><li>Ger\u00f0 eignaskiptayfirl\u00fdsinga<\/li><li style=\"list-style-type: none;\">\u00a0<\/li><\/ul><ul><li style=\"list-style-type: none;\">\u00a0<\/li><\/ul><ul><li style=\"list-style-type: none;\">\u00a0<\/li><\/ul><ul><li style=\"list-style-type: none;\">\u00a0<\/li><\/ul>\t\t\t\t\t\t<\/div>\n\t\t\t\t<\/div>\n\t\t\t\t<\/div>\n\t\t<div class=\"elementor-element elementor-element-01662cb e-con-full animated-slow e-flex elementor-invisible e-con e-child\" data-id=\"01662cb\" data-element_type=\"container\" data-settings=\"{&quot;animation&quot;:&quot;slideInLeft&quot;,&quot;_ha_eqh_enable&quot;:false}\">\n\t\t\t\t<div class=\"elementor-element elementor-element-94a47c0 elementor-widget elementor-widget-image\" data-id=\"94a47c0\" data-element_type=\"widget\" data-widget_type=\"image.default\">\n\t\t\t\t<div class=\"elementor-widget-container\">\n\t\t\t\t\t\t\t\t\t\t\t\t\t<img loading=\"lazy\" decoding=\"async\" width=\"150\" height=\"150\" src=\"https:\/\/jalogmenn.is\/wp-content\/uploads\/2024\/04\/SlysaOgBotarettur_gratt-150x150.png\" class=\"attachment-thumbnail size-thumbnail wp-image-1139\" alt=\"JA L\u00f6gmenn - L\u00f6gmannsstofa Icon Slysa og b\u00f3tar\u00e9ttur\" srcset=\"https:\/\/jalogmenn.is\/wp-content\/uploads\/2024\/04\/SlysaOgBotarettur_gratt-150x150.png 150w, https:\/\/jalogmenn.is\/wp-content\/uploads\/2024\/04\/SlysaOgBotarettur_gratt-300x300.png 300w, https:\/\/jalogmenn.is\/wp-content\/uploads\/2024\/04\/SlysaOgBotarettur_gratt.png 512w\" sizes=\"(max-width: 150px) 100vw, 150px\" \/>\t\t\t\t\t\t\t\t\t\t\t\t\t<\/div>\n\t\t\t\t<\/div>\n\t\t\t\t<div class=\"elementor-element elementor-element-5d9b35b elementor-widget elementor-widget-heading\" data-id=\"5d9b35b\" data-element_type=\"widget\" data-widget_type=\"heading.default\">\n\t\t\t\t<div class=\"elementor-widget-container\">\n\t\t\t<h2 class=\"elementor-heading-title elementor-size-default\">Slysa- og ska\u00f0ab\u00f3tar\u00e9ttur<\/h2>\t\t<\/div>\n\t\t\t\t<\/div>\n\t\t\t\t<div class=\"elementor-element elementor-element-8f848a6 elementor-widget elementor-widget-text-editor\" data-id=\"8f848a6\" data-element_type=\"widget\" data-widget_type=\"text-editor.default\">\n\t\t\t\t<div class=\"elementor-widget-container\">\n\t\t\t\t\t\t\t<ul><li>Vinnuslys<\/li><li>Umfer\u00f0aslys<\/li><li>Fr\u00edt\u00edmaslys<\/li><li>Sj\u00faklingatryggingar og l\u00e6knamist\u00f6k<\/li><li>Tj\u00f3n vegna l\u00edkams\u00e1r\u00e1sa og afbrota<\/li><li><span style=\"color: #0b1d5b;\"><a style=\"color: #0b1d5b;\" href=\"https:\/\/jalogmenn.is\/index.php\/slysabaetur-baetur\/\">Sj\u00e1 n\u00e1nar.<\/a><\/span><\/li><li style=\"list-style-type: none;\">\u00a0<\/li><li style=\"list-style-type: none;\">\u00a0<\/li><\/ul><ul><li style=\"list-style-type: none;\">\u00a0<\/li><\/ul><ul><li style=\"list-style-type: none;\">\u00a0<\/li><\/ul><ul><li style=\"list-style-type: none;\">\u00a0<\/li><\/ul>\t\t\t\t\t\t<\/div>\n\t\t\t\t<\/div>\n\t\t\t\t<\/div>\n\t\t<div class=\"elementor-element elementor-element-43b944d e-con-full animated-slow e-flex elementor-invisible e-con e-child\" data-id=\"43b944d\" data-element_type=\"container\" data-settings=\"{&quot;animation&quot;:&quot;fadeIn&quot;,&quot;_ha_eqh_enable&quot;:false}\">\n\t\t\t\t<div class=\"elementor-element elementor-element-7d0422f elementor-widget elementor-widget-image\" data-id=\"7d0422f\" data-element_type=\"widget\" data-widget_type=\"image.default\">\n\t\t\t\t<div class=\"elementor-widget-container\">\n\t\t\t\t\t\t\t\t\t\t\t\t\t<img loading=\"lazy\" decoding=\"async\" width=\"150\" height=\"150\" src=\"https:\/\/jalogmenn.is\/wp-content\/uploads\/2024\/04\/Sakamal_gratt-150x150.png\" class=\"attachment-thumbnail size-thumbnail wp-image-1141\" alt=\"JA L\u00f6gmenn - L\u00f6gmannsstofa Icon Sakam\u00e1l\" srcset=\"https:\/\/jalogmenn.is\/wp-content\/uploads\/2024\/04\/Sakamal_gratt-150x150.png 150w, https:\/\/jalogmenn.is\/wp-content\/uploads\/2024\/04\/Sakamal_gratt-300x300.png 300w, https:\/\/jalogmenn.is\/wp-content\/uploads\/2024\/04\/Sakamal_gratt.png 512w\" sizes=\"(max-width: 150px) 100vw, 150px\" \/>\t\t\t\t\t\t\t\t\t\t\t\t\t<\/div>\n\t\t\t\t<\/div>\n\t\t\t\t<div class=\"elementor-element elementor-element-8e1dac1 elementor-widget elementor-widget-heading\" data-id=\"8e1dac1\" data-element_type=\"widget\" data-widget_type=\"heading.default\">\n\t\t\t\t<div class=\"elementor-widget-container\">\n\t\t\t<h2 class=\"elementor-heading-title elementor-size-default\">Sakam\u00e1l<\/h2>\t\t<\/div>\n\t\t\t\t<\/div>\n\t\t\t\t<div class=\"elementor-element elementor-element-2eeb781 elementor-widget elementor-widget-text-editor\" data-id=\"2eeb781\" data-element_type=\"widget\" data-widget_type=\"text-editor.default\">\n\t\t\t\t<div class=\"elementor-widget-container\">\n\t\t\t\t\t\t\t<ul><li>R\u00e9ttarg\u00e6sla brota\u00feola<\/li><li>Verjandast\u00f6rf<\/li><\/ul>\t\t\t\t\t\t<\/div>\n\t\t\t\t<\/div>\n\t\t\t\t<\/div>\n\t\t<div class=\"elementor-element elementor-element-f350cf6 e-con-full animated-slow e-flex elementor-invisible e-con e-child\" data-id=\"f350cf6\" data-element_type=\"container\" data-settings=\"{&quot;animation&quot;:&quot;slideInRight&quot;,&quot;_ha_eqh_enable&quot;:false}\">\n\t\t\t\t<div class=\"elementor-element elementor-element-86b658f elementor-widget elementor-widget-image\" data-id=\"86b658f\" data-element_type=\"widget\" data-widget_type=\"image.default\">\n\t\t\t\t<div class=\"elementor-widget-container\">\n\t\t\t\t\t\t\t\t\t\t\t\t\t<img loading=\"lazy\" decoding=\"async\" width=\"150\" height=\"150\" src=\"https:\/\/jalogmenn.is\/wp-content\/uploads\/2024\/04\/Malflutningur_grar-150x150.png\" class=\"attachment-thumbnail size-thumbnail wp-image-1140\" alt=\"JA L\u00f6gmenn - L\u00f6gmannsstofa Icon m\u00e1lflutningur\" srcset=\"https:\/\/jalogmenn.is\/wp-content\/uploads\/2024\/04\/Malflutningur_grar-150x150.png 150w, https:\/\/jalogmenn.is\/wp-content\/uploads\/2024\/04\/Malflutningur_grar-300x300.png 300w, https:\/\/jalogmenn.is\/wp-content\/uploads\/2024\/04\/Malflutningur_grar.png 512w\" sizes=\"(max-width: 150px) 100vw, 150px\" \/>\t\t\t\t\t\t\t\t\t\t\t\t\t<\/div>\n\t\t\t\t<\/div>\n\t\t\t\t<div class=\"elementor-element elementor-element-d14afdc elementor-widget elementor-widget-heading\" data-id=\"d14afdc\" data-element_type=\"widget\" data-widget_type=\"heading.default\">\n\t\t\t\t<div class=\"elementor-widget-container\">\n\t\t\t<h2 class=\"elementor-heading-title elementor-size-default\">\u00d6ll almenn l\u00f6gmanns\u00fej\u00f3nusta svo sem vegna:<\/h2>\t\t<\/div>\n\t\t\t\t<\/div>\n\t\t\t\t<div class=\"elementor-element elementor-element-267e86c elementor-widget elementor-widget-text-editor\" data-id=\"267e86c\" data-element_type=\"widget\" data-widget_type=\"text-editor.default\">\n\t\t\t\t<div class=\"elementor-widget-container\">\n\t\t\t\t\t\t\t<ul><li>Almannatryggingar\/\u00f6rorkub\u00e6tur o.fl.<\/li><li>Barnaverndarm\u00e1l<\/li><li>Byggingar- og skipulagsl\u00f6ggj\u00f6f<\/li><li>Eignaums\u00fdsla<\/li><\/ul><ul><li>Innheimtur<\/li><li>L\u00f6gr\u00e6\u00f0i\/l\u00f6gr\u00e6\u00f0issvipting<\/li><li>Mannr\u00e9ttindi<\/li><li>Samningar\u00e9ttur\/samningager\u00f0<\/li><li>Stj\u00f3rnskipunarr\u00e9ttur\/stj\u00f3rnarskr\u00e1<\/li><li>Stj\u00f3rns\u00fdslurr\u00e9ttur<\/li><\/ul><ul><li style=\"list-style-type: none;\"><ul><li>Samskipti borgara og stj\u00f3rnvalda<\/li><\/ul><\/li><\/ul><ul><li>Sveitastj\u00f3rnarr\u00e9ttur<\/li><li>Umhverfisr\u00e9ttur<\/li><li>Uppl\u00fdsingat\u00e6kni<\/li><\/ul><ul><li style=\"list-style-type: none;\"><ul><li>Pers\u00f3nuvernd<\/li><\/ul><\/li><\/ul><ul><li>V\u00e1tryggingar\u00e9ttur<\/li><li>Ve\u00f0r\u00e9ttur<\/li><li>Verktakar\u00e9ttur\/verksamningar og \u00fatbo\u00f0<\/li><li>Vinnur\u00e9ttur\/vinnumarka\u00f0sr\u00e9ttur<\/li><\/ul>\t\t\t\t\t\t<\/div>\n\t\t\t\t<\/div>\n\t\t\t\t<\/div>\n\t\t\t\t\t<\/div>\n\t\t\t\t<\/div>\n\t\t\t\t<\/div>\n\t\t","protected":false},"excerpt":{"rendered":"<p>Starfssvi\u00f0 Vi\u00f0 veitum alla almenna l\u00f6gmannsa\u00f0sto\u00f0, h\u00f6fum \u00fe\u00f3 einkum s\u00e9rfr\u00e6\u00f0ikunn\u00e1ttu \u00e1 eftirfarandi svi\u00f0um: Fj\u00f6lskyldur\u00e9ttur Fa\u00f0ernism\u00e1l Forsj\u00e1r- og umgengnism\u00e1l Hj\u00faskaparslit &#8211; b\u00faskipti Kaupm\u00e1lar Samb\u00fa\u00f0arslit &#8211; fj\u00e1rskipti D\u00e1narb\u00fasskipti Erf\u00f0askr\u00e1r \u00a0 \u00a0 \u00a0 \u00a0 \u00a0 \u00a0 Fyrirt\u00e6kjal\u00f6gfr\u00e6\u00f0i Stofnun og skr\u00e1ning f\u00e9laga Ger\u00f0 sam\u00feykkta H\u00e6kkun og l\u00e6kkun hlutafj\u00e1r Skattar\u00e9ttur Hagsmunag\u00e6sla fyrir d\u00f3mst\u00f3lum og gagnvart stj\u00f3rnv\u00f6ldum Samningsger\u00f0 \u00c1litsger\u00f0ir \u00a0 \u00a0 [&hellip;]<\/p>\n","protected":false},"author":1,"featured_media":0,"parent":13,"menu_order":0,"comment_status":"closed","ping_status":"closed","template":"","meta":{"_monsterinsights_skip_tracking":false,"_monsterinsights_sitenote_active":false,"_monsterinsights_sitenote_note":"","_monsterinsights_sitenote_category":0,"_uf_show_specific_survey":0,"_uf_disable_surveys":false,"footnotes":""},"aioseo_notices":[],"_links":{"self":[{"href":"https:\/\/jalogmenn.is\/index.php\/wp-json\/wp\/v2\/pages\/44"}],"collection":[{"href":"https:\/\/jalogmenn.is\/index.php\/wp-json\/wp\/v2\/pages"}],"about":[{"href":"https:\/\/jalogmenn.is\/index.php\/wp-json\/wp\/v2\/types\/page"}],"author":[{"embeddable":true,"href":"https:\/\/jalogmenn.is\/index.php\/wp-json\/wp\/v2\/users\/1"}],"replies":[{"embeddable":true,"href":"https:\/\/jalogmenn.is\/index.php\/wp-json\/wp\/v2\/comments?post=44"}],"version-history":[{"count":76,"href":"https:\/\/jalogmenn.is\/index.php\/wp-json\/wp\/v2\/pages\/44\/revisions"}],"predecessor-version":[{"id":1712,"href":"https:\/\/jalogmenn.is\/index.php\/wp-json\/wp\/v2\/pages\/44\/revisions\/1712"}],"up":[{"embeddable":true,"href":"https:\/\/jalogmenn.is\/index.php\/wp-json\/wp\/v2\/pages\/13"}],"wp:attachment":[{"href":"https:\/\/jalogmenn.is\/index.php\/wp-json\/wp\/v2\/media?parent=44"}],"curies":[{"name":"wp","href":"https:\/\/api.w.org\/{rel}","templated":true}]}}